= 611*i + 396. List the prime factors of x(6).
2, 3, 677
Suppose -4*q = -8617 - 5003. List the prime factors of q.
3, 5, 227
Suppose -2*h + 0*h + 24 = 0. Suppose 5*g + h - 32 = 0. Suppose -g*o = m + 14, -2*o = 3*m + 2*o + 10. List the prime factors of m.
2
List the prime factors of ((-3761)/2)/(43/(-86)).
3761
Let g(u) = u**3 - 4*u**2 + u + 1. Let m = 77 - 37. Let j be 16/m + (-23)/(-5). List the prime factors of g(j).
31
Let k(m) = -m**3 - 16*m**2 - 9*m + 67. List the prime factors of k(-16).
211
Suppose -2*y = -1815 + 757. List the prime factors of y.
23
Suppose -18*i = -17*i - 2*c - 1844, 0 = -i - 4*c + 1838. What are the prime factors of i?
2, 3, 307
Suppose -j = -2*j + 112. Suppose 5*o - 353 = j. Suppose 4*y = -4*u + 260, -o = 4*u + 5*y - 351. What are the prime factors of u?
67
Let k(t) be the first derivative of 2*t**3/3 + t**2 - 5*t + 5. Suppose v = r - 3, -4*v + r = -v + 11. What are the prime factors of k(v)?
19
Suppose -2*l + 14 = 5*a, -2*l - 2*l = a + 8. What are the prime factors of (-236 + 5 + l)/(-1)?
2, 3, 13
Let m = -1970 - -4468. List the prime factors of m.
2, 1249
Suppose -63*r - 2889 = 1899. Let u be 131 + 1 - (0 + -1). Let p = r + u. What are the prime factors of p?
3, 19
Let l(f) = f**2 - 22*f - 6. Let x be l(22). What are the prime factors of (5 + -23)/(x/27)?
3
Suppose -2*c - 5*y + 34 = 0, 15 = 3*c + 5*y - 31. List the prime factors of 1166/10 + c/30.
3, 13
Let z = 16 - 20. Let y be 0/z*1/(-2). Suppose y = q - 17 - 6. List the prime factors of q.
23
Let l be 3 - (4 + -3)*4. Let c = 2 - l. List the prime factors of 1/c - (-316)/6.
53
Let u = -2080 + 4053. What are the prime factors of u?
1973
Let h(u) = 3*u**2 + 44*u + 139. What are the prime factors of h(-26)?
3, 11, 31
What are the prime factors of (3 - (-1 + 7)) + 2572?
7, 367
Let p = 657 + -445. List the prime factors of p.
2, 53
Suppose -6*t = -0*t - 18. Let b(s) = -s**2 - t - 2*s - 10*s**3 + 12*s**3 + 0*s. What are the prime factors of b(3)?
2, 3
Let b(h) = h**3 + 10*h**2 + 7*h - 9. Let f be b(-9). Suppose -a - 37 = -2*i, 4*i - f*i = -25. Let j = 38 + a. What are the prime factors of j?
11
Suppose -5*y - 376 + 1630 = 2*n, 627 = n + 2*y. What are the prime factors of n?
3, 11, 19
Let l = 7 + 1. Let j(m) = 7*m + 9*m - m + 7 - m**3 + 7*m**2 - 6*m. List the prime factors of j(l).
3, 5
Let u be (6/(-9))/((-4)/1542). Let t = -369 + u. Let a = -69 - t. List the prime factors of a.
43
Let x(n) = -3*n - 6. Let o be x(-3). Let m(a) = -14*a + 0 + 2*a**2 + o*a - 3. What are the prime factors of m(8)?
37
Let q = -705 + 2046. List the prime factors of q.
3, 149
Suppose 3*x + 210 = 2*n, -78 = -5*x + 6*x + 2*n. Let g = x + 99. List the prime factors of g.
3
Let p(x) = -2*x**2 - 6*x - 1. Let w be p(-3). Let d(t) = -33*t - 1. What are the prime factors of d(w)?
2
Let i(u) = u**3 + 8*u**2 - 6*u + 31. Let j be i(-9). Suppose h + g - 25 = 80, h + j*g = 111. What are the prime factors of h?
103
Let r(z) = z**3 + 8*z**2 + z - 4. Let d be r(-4). Let m = 18 + d. What are the prime factors of m?
2, 37
Suppose 4*s - 5*v - 17197 = 7465, 4*v - 18481 = -3*s. Suppose -16*n = -s + 867. What are the prime factors of n?
331
Let q(m) = -28*m**3 - 3*m**2 - 2*m - 7. Let r be q(-3). Suppose -4*n = -r + 136. What are the prime factors of n?
2, 37
Let c(m) = m + 11. Let i be c(-7). Suppose -155 = -i*v + 181. What are the prime factors of v?
2, 3, 7
Let s = -27 - -28. Let y(i) = -i**3 + 4*i**2 + 6*i - 7. Let r be y(5). List the prime factors of s/(((-4)/42)/r).
3, 7
Suppose -15*f + 6298 + 2102 = 0. List the prime factors of f.
2, 5, 7
Suppose 5*l = 14*p - 12*p + 4067, l - 814 = p. What are the prime factors of l?
3, 271
Let m = 285 + 363. What are the prime factors of m?
2, 3
Let g be 6/(-4) + (-8)/(-16). Let i(x) = 39*x + 8. Let r(n) = -1. Let b(d) = g*i(d) - 6*r(d). What are the prime factors of b(-1)?
37
Let i be (-5 - (9 - -3)) + 2. What are the prime factors of 20/150 - 808/i?
2, 3
Suppose 2*w - 3*b = -11, 4*w + 1 = 2*b - 1. What are the prime factors of (-1875)/(-30) + w/(-4)?
2, 31
Suppose 0*i + 5*i = 5, -i + 1513 = 2*o. List the prime factors of o.
2, 3, 7
Suppose -3*k - 2687 = -o + 961, -2*o + 4*k = -7298. List the prime factors of o.
3, 1217
Let a be (-4)/((-16)/(-12)) - -8. Suppose 0 = -b + 3*b - 5*g - 13, a*g = -5. Suppose -b*v + 230 = v. List the prime factors of v.
2, 23
Suppose 3*j = -5*p + 301, -8*j + 3*j - p + 465 = 0. Let r = 63 + j. List the prime factors of r.
5, 31
Let p = 695 - -74. List the prime factors of p.
769
Let y be (-20)/50 - 4/(-10). Let c = y + 25. Suppose -t + h + h = -50, t + 3*h - c = 0. What are the prime factors of t?
2, 5
Let t = 3 - 0. Let h = -67 - -70. Suppose -j + 0*z + 21 = 2*z, -h*j + t*z + 45 = 0. What are the prime factors of j?
17
Let z = 37 - 42. List the prime factors of z/(45/(-6))*108.
2, 3
Suppose 8*f - 88 = 4*f. What are the prime factors of f?
2, 11
Let g(w) = 0*w**2 + 5*w**2 - 2*w - 6 + 8. Let c(f) = -f**3 - f**2 + 2*f + 3. Let n be c(-2). List the prime factors of g(n).
41
Suppose 28*u = -21*u + 76979. List the prime factors of u.
1571
Suppose 0 = -10*z - 9*z + 95. What are the prime factors of (-24 - -6)*z/(-2)?
3, 5
Let b(z) = -z**3 - 12*z**2 - 13*z - 8. Let d be -2 + 2/((-6)/(-21)). Suppose d*k = -0*k - 55. List the prime factors of b(k).
2, 7
Let m = 82 - -427. List the prime factors of m.
509
Suppose 3*x = 7*x. Let k be 13 + x - (3 + -4). List the prime factors of (-12)/(-28) + 64/k.
5
Let f(x) be the third derivative of -x**4/3 + 4*x**3/3 + 4*x**2. What are the prime factors of f(-3)?
2
Let x(d) = 17*d - 13*d + 19*d + 5*d + 4. Let b be x(-4). List the prime factors of (-1*1)/(4/b).
3
Let d(t) = -t**3 - 13*t**2 + 15*t + 19. Let n be d(-14). Suppose -w - 5*q + 225 = 4*w, -n*w + 5*q + 185 = 0. List the prime factors of w.
41
Let u be (-2)/(-16) + 3633/(-8) + -2. Let c = -227 - u. What are the prime factors of c?
229
Suppose 0 = h + 5 - 0. List the prime factors of h/((-20)/136) - 3.
31
Let f = -41 - -63. Let o be (f/(-8))/((-4)/64). Suppose 0 = 2*b - 0*b + 4*w - o, 88 = 4*b + w. What are the prime factors of b?
2, 11
Let c(g) = g**3 + 5*g**2 + 2*g - 7. Let k be c(-4). What are the prime factors of k/(-1) + (-1133)/(-11)?
2, 3, 17
Let h = 1634 - 1022. List the prime factors of h.
2, 3, 17
Let t be (3 + -2 - -141) + -2. Suppose -3*v + 7*v + 2*m + 112 = 0, 5*v + m + t = 0. List the prime factors of v/(-7) - (-1 + -50).
5, 11
Suppose 0 = 4*n - z - 2383, 5*n - 1812 = 5*z + 1178. What are the prime factors of n?
5, 7, 17
Let f(i) = -25*i - 35. List the prime factors of f(-12).
5, 53
Suppose 3*q = -0*q + 4*v + 1293, 5*v - 1724 = -4*q. List the prime factors of q.
431
Let w(g) be the first derivative of g**3/3 + 9*g**2/2 + 3*g - 3. Let k be w(-8). List the prime factors of (k - -1)/(10/(-15)).
2, 3
Let i(t) = t**3 - t**2 + t - 12. Let z be i(0). Let n(o) = o + 15. Let h be n(z). What are the prime factors of ((-656)/24)/((-2)/h)?
41
Let h(s) = -s**2 - 5*s - 2. Let x be h(-5). Let a be (-6 - -7)/(x/(-4)). Suppose -a*f + 197 = 4*y - 33, -287 = -5*y - 2*f. What are the prime factors of y?
3, 19
Let q(s) = 2*s**2 - s. Suppose 2*z - 13 = 3*z. Let p = z - -11. List the prime factors of q(p).
2, 5
Let g be (-2)/(-9) + (-220)/18. List the prime factors of (-6)/(-8) + -293*3/g.
2, 37
Suppose 2*m = 3*c + 20, -11 = -4*m - 2*c - 3. Suppose -32 = -7*j - m. Suppose 23 = h - 4*p, -j*h - 2*p + 155 = 3*p. List the prime factors of h.
5, 7
Suppose 11*s - 34 = 21. Suppose 5*d + 11 = 1, -4*d - 208 = -s*c. What are the prime factors of c?
2, 5
Suppose 0 = -3*a + 6*p - 2*p + 270, 3*p - 450 = -5*a. What are the prime factors of a?
2, 3, 5
Suppose 6*m - 140 = m. Let k = m + -6. List the prime factors of k.
2, 11
Suppose 208 = -z + 5*m, -3*z + 2*m - 402 = 209. Let c = z + 304. List the prime factors of c.
101
Let f(g) = g**2 + 8*g - 36. Let x be f(5). Suppose w + 23 = 4. Let q = x + w. What are the prime factors of q?
2, 5
Suppose -3*p - 2*j + 2 = -10, 0 = -p + j + 4. Suppose -f - h + 5 = 0, p*f + 3*h - 19 = -0*h. List the prime factors of f.
2
Let x(b) = -b**3 - 6*b**2 - 6*b - 2. Let s be x(-5). Let z be (-1)/s + 16181/33. What are the prime factors of z/30 - 4/(-6)?
17
What are the prime factors of 8/(-18) - (140/90 - 9)?
7
Suppose -x - 3 = -2. Let s(o) = 3*o + 4*o - 14*